{"id":12,"date":"2017-11-15T09:42:45","date_gmt":"2017-11-15T09:42:45","guid":{"rendered":"https:\/\/www.demaincestaujourdhui.fr\/?page_id=12"},"modified":"2024-11-18T14:04:08","modified_gmt":"2024-11-18T14:04:08","slug":"work","status":"publish","type":"page","link":"https:\/\/www.demaincestaujourdhui.fr\/?page_id=12","title":{"rendered":"ACTIVIT\u00c9S"},"content":{"rendered":"<div class=\"fusion-fullwidth fullwidth-box fusion-builder-row-1 fusion-flex-container nonhundred-percent-fullwidth non-hundred-percent-height-scrolling\" style=\"background-color: rgba(255,255,255,0);background-position: center center;background-repeat: no-repeat;border-width: 0px 0px 0px 0px;border-color:#eae9e9;border-style:solid;\" ><div class=\"fusion-builder-row fusion-row fusion-flex-align-items-flex-start\" style=\"max-width:1227.2px;margin-left: calc(-4% \/ 2 );margin-right: calc(-4% \/ 2 );\"><div class=\"fusion-layout-column fusion_builder_column fusion-builder-column-0 fusion_builder_column_2_3 2_3 fusion-flex-column fusion-animated\" data-animationType=\"zoomIn\" data-animationDuration=\"0.9\" data-animationOffset=\"top-into-view\"><div class=\"fusion-column-wrapper fusion-flex-justify-content-flex-start fusion-content-layout-column\" style=\"background-position:left top;background-repeat:no-repeat;-webkit-background-size:cover;-moz-background-size:cover;-o-background-size:cover;background-size:cover;padding: 0px 0px 0px 0px;\"><style type=\"text\/css\">@media only screen and (max-width:1024px) {.fusion-title.fusion-title-1{margin-top:15px!important; margin-right:0px!important;margin-bottom:15px!important;margin-left:0px!important;}}@media only screen and (max-width:640px) {.fusion-title.fusion-title-1{margin-top:10px!important; margin-right:0px!important;margin-bottom:10px!important; margin-left:0px!important;}}<\/style><div class=\"fusion-title title fusion-title-1 fusion-sep-none fusion-title-center fusion-title-text fusion-title-size-one\" style=\"margin-top:15px;margin-right:0px;margin-bottom:15px;margin-left:0px;\"><h1 class=\"title-heading-center fusion-responsive-typography-calculated\" style=\"margin:0;--fontSize:68;line-height:1.05;\"><span style=\"color: #ffffff;\">NOS\u00a0ACTIVIT\u00c9S<\/span><\/h1><\/div><div class=\"fusion-separator\" style=\"align-self: center;margin-left: auto;margin-right: auto;margin-top:16px;margin-bottom:36px;width:100%;max-width:24%;\"><div class=\"fusion-separator-border sep-single\" style=\"border-color:#5e6276;border-top-width:2px;\"><\/div><\/div><div class=\"fusion-text fusion-text-1\"><p class=\"p1\">Fin Mars 2019 : journ\u00e9e z\u00e9ro (0) d\u00e9chets avec des intervenants des ateliers au Domaine du Terral<\/p>\n<p class=\"p1\">Fin Mai : nettoyons vraiment la Mosson : journ\u00e9e de nettoyage citoyen des bords de la mosson, avec toutes les communes de la m\u00e9tropole et tous les organismes concern\u00e9s<\/p>\n<p>Tous les mois le R\u00e9pare Caf\u00e9 \u00e0 la Salle des Granges &#8230;<\/p>\n<p>Nettoyage de la Mosson avec Lav\u00e9rune pendant le WCUD et inauguration des nouveaux locaux \u00e0 la Salle des Granges.<\/p>\n<p>10 ans des Repair Caf\u00e9 \u00e0 l&rsquo;Oasis de Montpellier<\/p>\n<\/div><\/div><style type=\"text\/css\">.fusion-body .fusion-builder-column-0{width:66.666666666667% !important;margin-top : 85px;margin-bottom : 60px;}.fusion-builder-column-0 > .fusion-column-wrapper {padding-top : 0px !important;padding-right : 0px !important;margin-right : 2.88%;padding-bottom : 0px !important;padding-left : 0px !important;margin-left : 2.88%;}@media only screen and (max-width:1024px) {.fusion-body .fusion-builder-column-0{width:100% !important;}.fusion-builder-column-0 > .fusion-column-wrapper {margin-right : 1.92%;margin-left : 1.92%;}}@media only screen and (max-width:640px) {.fusion-body .fusion-builder-column-0{width:100% !important;}.fusion-builder-column-0 > .fusion-column-wrapper {margin-right : 1.92%;margin-left : 1.92%;}}<\/style><\/div><\/div><style type=\"text\/css\">.fusion-body .fusion-flex-container.fusion-builder-row-1{ padding-top : 0px;margin-top : 0px;padding-right : 0px;padding-bottom : 0px;margin-bottom : 0px;padding-left : 0px;}<\/style><\/div>\n","protected":false},"excerpt":{"rendered":"","protected":false},"author":1,"featured_media":0,"parent":0,"menu_order":0,"comment_status":"closed","ping_status":"closed","template":"100-width.php","meta":{"jetpack_post_was_ever_published":false,"footnotes":""},"class_list":["post-12","page","type-page","status-publish","hentry"],"yoast_head":"<!-- This site is optimized with the Yoast SEO plugin v26.7 - https:\/\/yoast.com\/wordpress\/plugins\/seo\/ -->\n<title>ACTIVIT\u00c9S - Demain, c&#039;est aujourdhui<\/title>\n<meta name=\"robots\" content=\"index, follow, max-snippet:-1, max-image-preview:large, max-video-preview:-1\" \/>\n<link rel=\"canonical\" href=\"https:\/\/www.demaincestaujourdhui.fr\/?page_id=12\" \/>\n<meta property=\"og:locale\" content=\"fr_FR\" \/>\n<meta property=\"og:type\" content=\"article\" \/>\n<meta property=\"og:title\" content=\"ACTIVIT\u00c9S - Demain, c&#039;est aujourdhui\" \/>\n<meta property=\"og:url\" content=\"https:\/\/www.demaincestaujourdhui.fr\/?page_id=12\" \/>\n<meta property=\"og:site_name\" content=\"Demain, c&#039;est aujourdhui\" \/>\n<meta property=\"article:modified_time\" content=\"2024-11-18T14:04:08+00:00\" \/>\n<meta name=\"twitter:card\" content=\"summary_large_image\" \/>\n<meta name=\"twitter:label1\" content=\"Dur\u00e9e de lecture estim\u00e9e\" \/>\n\t<meta name=\"twitter:data1\" content=\"4 minutes\" \/>\n<script type=\"application\/ld+json\" class=\"yoast-schema-graph\">{\"@context\":\"https:\/\/schema.org\",\"@graph\":[{\"@type\":\"WebPage\",\"@id\":\"https:\/\/www.demaincestaujourdhui.fr\/?page_id=12\",\"url\":\"https:\/\/www.demaincestaujourdhui.fr\/?page_id=12\",\"name\":\"ACTIVIT\u00c9S - Demain, c&#039;est aujourdhui\",\"isPartOf\":{\"@id\":\"https:\/\/www.demaincestaujourdhui.fr\/#website\"},\"datePublished\":\"2017-11-15T09:42:45+00:00\",\"dateModified\":\"2024-11-18T14:04:08+00:00\",\"breadcrumb\":{\"@id\":\"https:\/\/www.demaincestaujourdhui.fr\/?page_id=12#breadcrumb\"},\"inLanguage\":\"fr-FR\",\"potentialAction\":[{\"@type\":\"ReadAction\",\"target\":[\"https:\/\/www.demaincestaujourdhui.fr\/?page_id=12\"]}]},{\"@type\":\"BreadcrumbList\",\"@id\":\"https:\/\/www.demaincestaujourdhui.fr\/?page_id=12#breadcrumb\",\"itemListElement\":[{\"@type\":\"ListItem\",\"position\":1,\"name\":\"Accueil\",\"item\":\"https:\/\/www.demaincestaujourdhui.fr\/\"},{\"@type\":\"ListItem\",\"position\":2,\"name\":\"ACTIVIT\u00c9S\"}]},{\"@type\":\"WebSite\",\"@id\":\"https:\/\/www.demaincestaujourdhui.fr\/#website\",\"url\":\"https:\/\/www.demaincestaujourdhui.fr\/\",\"name\":\"Demain, c&#039;est aujourdhui\",\"description\":\"notre plan\u00e8te le vaut bien\",\"potentialAction\":[{\"@type\":\"SearchAction\",\"target\":{\"@type\":\"EntryPoint\",\"urlTemplate\":\"https:\/\/www.demaincestaujourdhui.fr\/?s={search_term_string}\"},\"query-input\":{\"@type\":\"PropertyValueSpecification\",\"valueRequired\":true,\"valueName\":\"search_term_string\"}}],\"inLanguage\":\"fr-FR\"}]}<\/script>\n<!-- \/ Yoast SEO plugin. -->","yoast_head_json":{"title":"ACTIVIT\u00c9S - Demain, c&#039;est aujourdhui","robots":{"index":"index","follow":"follow","max-snippet":"max-snippet:-1","max-image-preview":"max-image-preview:large","max-video-preview":"max-video-preview:-1"},"canonical":"https:\/\/www.demaincestaujourdhui.fr\/?page_id=12","og_locale":"fr_FR","og_type":"article","og_title":"ACTIVIT\u00c9S - Demain, c&#039;est aujourdhui","og_url":"https:\/\/www.demaincestaujourdhui.fr\/?page_id=12","og_site_name":"Demain, c&#039;est aujourdhui","article_modified_time":"2024-11-18T14:04:08+00:00","twitter_card":"summary_large_image","twitter_misc":{"Dur\u00e9e de lecture estim\u00e9e":"4 minutes"},"schema":{"@context":"https:\/\/schema.org","@graph":[{"@type":"WebPage","@id":"https:\/\/www.demaincestaujourdhui.fr\/?page_id=12","url":"https:\/\/www.demaincestaujourdhui.fr\/?page_id=12","name":"ACTIVIT\u00c9S - Demain, c&#039;est aujourdhui","isPartOf":{"@id":"https:\/\/www.demaincestaujourdhui.fr\/#website"},"datePublished":"2017-11-15T09:42:45+00:00","dateModified":"2024-11-18T14:04:08+00:00","breadcrumb":{"@id":"https:\/\/www.demaincestaujourdhui.fr\/?page_id=12#breadcrumb"},"inLanguage":"fr-FR","potentialAction":[{"@type":"ReadAction","target":["https:\/\/www.demaincestaujourdhui.fr\/?page_id=12"]}]},{"@type":"BreadcrumbList","@id":"https:\/\/www.demaincestaujourdhui.fr\/?page_id=12#breadcrumb","itemListElement":[{"@type":"ListItem","position":1,"name":"Accueil","item":"https:\/\/www.demaincestaujourdhui.fr\/"},{"@type":"ListItem","position":2,"name":"ACTIVIT\u00c9S"}]},{"@type":"WebSite","@id":"https:\/\/www.demaincestaujourdhui.fr\/#website","url":"https:\/\/www.demaincestaujourdhui.fr\/","name":"Demain, c&#039;est aujourdhui","description":"notre plan\u00e8te le vaut bien","potentialAction":[{"@type":"SearchAction","target":{"@type":"EntryPoint","urlTemplate":"https:\/\/www.demaincestaujourdhui.fr\/?s={search_term_string}"},"query-input":{"@type":"PropertyValueSpecification","valueRequired":true,"valueName":"search_term_string"}}],"inLanguage":"fr-FR"}]}},"jetpack_sharing_enabled":true,"jetpack_shortlink":"https:\/\/wp.me\/P9SAxI-c","_links":{"self":[{"href":"https:\/\/www.demaincestaujourdhui.fr\/index.php?rest_route=\/wp\/v2\/pages\/12","targetHints":{"allow":["GET"]}}],"collection":[{"href":"https:\/\/www.demaincestaujourdhui.fr\/index.php?rest_route=\/wp\/v2\/pages"}],"about":[{"href":"https:\/\/www.demaincestaujourdhui.fr\/index.php?rest_route=\/wp\/v2\/types\/page"}],"author":[{"embeddable":true,"href":"https:\/\/www.demaincestaujourdhui.fr\/index.php?rest_route=\/wp\/v2\/users\/1"}],"replies":[{"embeddable":true,"href":"https:\/\/www.demaincestaujourdhui.fr\/index.php?rest_route=%2Fwp%2Fv2%2Fcomments&post=12"}],"version-history":[{"count":15,"href":"https:\/\/www.demaincestaujourdhui.fr\/index.php?rest_route=\/wp\/v2\/pages\/12\/revisions"}],"predecessor-version":[{"id":2348,"href":"https:\/\/www.demaincestaujourdhui.fr\/index.php?rest_route=\/wp\/v2\/pages\/12\/revisions\/2348"}],"wp:attachment":[{"href":"https:\/\/www.demaincestaujourdhui.fr\/index.php?rest_route=%2Fwp%2Fv2%2Fmedia&parent=12"}],"curies":[{"name":"wp","href":"https:\/\/api.w.org\/{rel}","templated":true}]}}